{"id":157,"date":"2022-10-13T16:45:25","date_gmt":"2022-10-13T14:45:25","guid":{"rendered":"http:\/\/165.22.28.198:8089\/?page_id=157"},"modified":"2022-10-14T12:04:49","modified_gmt":"2022-10-14T10:04:49","slug":"immatriculation","status":"publish","type":"page","link":"https:\/\/garagecentral.tg\/index.php\/immatriculation\/","title":{"rendered":"IMMATRICULATION"},"content":{"rendered":"\n<p class=\"has-text-align-left\">Les plaques de couleur verte sont les immatriculations des v\u00e9hicules administratifs au Togo.<br>Ces plaques portent des inscriptions en blanc commen\u00e7ant par les lettres TG suivi du num\u00e9ro puis d&rsquo;un G\/ suivi de la s\u00e9rie (A,B,C, etc\u2026.).<br><br>L&rsquo;immatriculation des v\u00e9hicules administratifs a \u00e9volu\u00e9 dans le temps. Rappelons-le, \u00e0 partir de 1956, avec la R\u00e9publique autonome du Togo (RAT), le num\u00e9ro d&rsquo;ordre des automobiles de l&rsquo;Etat \u00e9tait pr\u00e9c\u00e9d\u00e9 des lettres RT avec un insigne de la RAT port\u00e9 avant lesdites lettres. C&rsquo;\u00e9tait cet insigne qui met une distinction entre ces v\u00e9hicules et ceux priv\u00e9s. La composition des lettres et la forme des num\u00e9ros d&rsquo;ordre \u00e9taient identiques. Il faut attendre 1976 pour voir les automobiles administratives \u00eatre immatricul\u00e9es dans une s\u00e9rie sp\u00e9ciale RTG ET SNT, aujourd&rsquo;hui l&rsquo;immatriculation passe \u00e0 des lettres plus simples avec des plaques num\u00e9ris\u00e9s TG ou DGPN (pour celle de la Direction de la Police Nationale).<br><br>L&rsquo;immatriculation consacre l&rsquo;entr\u00e9e des v\u00e9hicules dans le patrimoine roulant de l&rsquo;administration publique et de ce faite enregistr\u00e9s comme bien public de l&rsquo;Etat. Cette phase donne la possibilit\u00e9 de mettre les v\u00e9hicules \u00e0 la disposition des services administratifs pour leurs divers besoins de transport. Ainsi, apr\u00e8s l&rsquo;immatriculation, les v\u00e9hicules sont affect\u00e9s aux diff\u00e9rents d\u00e9partements minist\u00e9riels ou au parc automobile du Garage Central.<br><br>L&rsquo;affectation rationnelle des mat\u00e9riels roulants aux Minist\u00e8res peut \u00eatre temporaire ou d\u00e9finitive. Elle est temporaire quand les v\u00e9hicules ne sont mis \u00e0 disposition que pour une dur\u00e9e plus ou moins longue, g\u00e9n\u00e9ralement des nouveaux Ministres. L&rsquo;affectation d\u00e9finitive concerne les v\u00e9hicules de fonction et de service. Les premiers sont mis \u00e0 la disposition de certaines autorit\u00e9s comme les Ministres et Pr\u00e9fets pour leurs tourn\u00e9es et missions dans le cadre de leur fonction. Quant aux seconds, ils sont destin\u00e9s aux transports des Directeurs et Attach\u00e9s de cabinet, d&rsquo;autres agents et des mat\u00e9riels pour assurer de fa\u00e7on r\u00e9guli\u00e8re le fonctionnement administratif.<\/p>\n","protected":false},"excerpt":{"rendered":"<p>Les plaques de couleur verte sont les immatriculations des v\u00e9hicules administratifs au Togo.Ces plaques portent des inscriptions en blanc commen\u00e7ant par les lettres TG suivi du num\u00e9ro puis d&rsquo;un G\/ suivi de la s\u00e9rie (A,B,C, etc\u2026.). L&rsquo;immatriculation des v\u00e9hicules administratifs a \u00e9volu\u00e9 dans le temps. Rappelons-le, \u00e0 partir de 1956, avec la R\u00e9publique autonome du [&hellip;]<\/p>\n","protected":false},"author":2,"featured_media":0,"parent":0,"menu_order":0,"comment_status":"closed","ping_status":"closed","template":"template-page.php","meta":[],"acf":[],"_links":{"self":[{"href":"https:\/\/garagecentral.tg\/index.php\/wp-json\/wp\/v2\/pages\/157"}],"collection":[{"href":"https:\/\/garagecentral.tg\/index.php\/wp-json\/wp\/v2\/pages"}],"about":[{"href":"https:\/\/garagecentral.tg\/index.php\/wp-json\/wp\/v2\/types\/page"}],"author":[{"embeddable":true,"href":"https:\/\/garagecentral.tg\/index.php\/wp-json\/wp\/v2\/users\/2"}],"replies":[{"embeddable":true,"href":"https:\/\/garagecentral.tg\/index.php\/wp-json\/wp\/v2\/comments?post=157"}],"version-history":[{"count":26,"href":"https:\/\/garagecentral.tg\/index.php\/wp-json\/wp\/v2\/pages\/157\/revisions"}],"predecessor-version":[{"id":196,"href":"https:\/\/garagecentral.tg\/index.php\/wp-json\/wp\/v2\/pages\/157\/revisions\/196"}],"wp:attachment":[{"href":"https:\/\/garagecentral.tg\/index.php\/wp-json\/wp\/v2\/media?parent=157"}],"curies":[{"name":"wp","href":"https:\/\/api.w.org\/{rel}","templated":true}]}}